e factors of 1958654754.
2, 3, 7, 2220697
List the prime factors of 21030982.
2, 7, 443, 3391
What are the prime factors of 2062494320?
2, 5, 4289, 6011
List the prime factors of 934895.
5, 13, 19, 757
What are the prime factors of 1284585254?
2, 31, 20719117
List the prime factors of 992005113.
3, 11, 37, 71, 11443
What are the prime factors of 176062779?
3, 19562531
List the prime factors of 99607782.
2, 3, 79, 210143
What are the prime factors of 1398962986?
2, 699481493
What are the prime factors of 738923912?
2, 92365489
What are the prime factors of 1828652998?
2, 37, 61, 193, 2099
List the prime factors of 120859699.
157, 769807
What are the prime factors of 863229801?
3, 7, 41106181
What are the prime factors of 19853342?
2, 29, 342299
List the prime factors of 3611852964.
2, 3, 33443083
List the prime factors of 392489539.
13, 53, 331, 1721
What are the prime factors of 106879949?
11, 9716359
What are the prime factors of 21696762?
2, 3, 3616127
What are the prime factors of 7561756491?
3, 1439, 1751623
What are the prime factors of 539212266?
2, 3, 29956237
List the prime factors of 89027339.
89027339
List the prime factors of 566549490.
2, 3, 5, 13, 31, 46861
What are the prime factors of 52596187?
7, 83, 90527
What are the prime factors of 7687350?
2, 3, 5, 11, 1553
What are the prime factors of 23547505?
5, 71, 113, 587
List the prime factors of 1073669153.
17, 1423, 44383
What are the prime factors of 3837256?
2, 83, 5779
List the prime factors of 685970008.
2, 257, 557, 599
List the prime factors of 1840448223.
3, 457, 16573
What are the prime factors of 253351756?
2, 7, 73, 17707
What are the prime factors of 362086196?
2, 17, 331, 16087
List the prime factors of 8721386968.
2, 7, 89, 1749877
What are the prime factors of 98932045?
5, 19786409
What are the prime factors of 129193397?
8011, 16127
What are the prime factors of 6132171715?
5, 733, 1673171
What are the prime factors of 252729379?
7, 36104197
List the prime factors of 12337214.
2, 6168607
List the prime factors of 48656606.
2, 19, 29, 67, 659
What are the prime factors of 73528541?
73528541
List the prime factors of 43129315.
5, 47, 223, 823
List the prime factors of 672976151.
8353, 80567
List the prime factors of 121389086.
2, 7, 13, 43, 15511
What are the prime factors of 236150895?
3, 5, 15743393
What are the prime factors of 16531956?
2, 3, 7, 17, 227
List the prime factors of 11147909.
11147909
List the prime factors of 298040557.
877, 339841
What are the prime factors of 685118754?
2, 3, 101, 376853
List the prime factors of 22941818.
2, 11470909
List the prime factors of 258873028.
2, 64718257
List the prime factors of 476710062.
2, 3, 29, 2739713
What are the prime factors of 551966721?
3, 183988907
List the prime factors of 1599842879.
59, 139, 373, 523
List the prime factors of 98969800.
2, 5, 494849
What are the prime factors of 93105882?
2, 3, 1724183
List the prime factors of 188565128.
2, 47, 501503
What are the prime factors of 1236479721?
3, 412159907
What are the prime factors of 153353175?
3, 5, 17, 120277
List the prime factors of 1098784736.
2, 7, 4905289
What are the prime factors of 388136075?
5, 15525443
What are the prime factors of 1517008557?
3, 1237, 408787
What are the prime factors of 36449504?
2, 7, 13, 12517
What are the prime factors of 597294427?
597294427
What are the prime factors of 21615303?
3, 887, 8123
What are the prime factors of 59666314?
2, 67, 445271
List the prime factors of 13125786.
2, 3, 83, 26357
What are the prime factors of 350845014?
2, 3, 13, 17, 20353
List the prime factors of 1490677877.
13, 41, 727, 3847
List the prime factors of 1579730277.
3, 263, 401, 4993
List the prime factors of 1053376406.
2, 17, 83, 373273
List the prime factors of 214302591.
3, 2645711
What are the prime factors of 508771574?
2, 83, 163, 18803
List the prime factors of 19972826.
2, 9986413
What are the prime factors of 22050520?
2, 5, 37, 47, 317
What are the prime factors of 8363022?
2, 3, 1393837
What are the prime factors of 50030422?
2, 13, 17, 8707
List the prime factors of 45538903.
17, 29, 71, 1301
What are the prime factors of 521774273?
4013, 130021
List the prime factors of 753136900.
2, 5, 7531369
What are the prime factors of 1451660723?
571, 1217, 2089
What are the prime factors of 815450523?
3, 1259, 215899
What are the prime factors of 60869318?
2, 29, 1049471
What are the prime factors of 104320684?
2, 13, 1277, 1571
What are the prime factors of 78796836?
2, 3, 17, 199, 647
What are the prime factors of 2758378293?
3, 11, 23, 44867
List the prime factors of 34366601.
34366601
What are the prime factors of 6813509?
6813509
List the prime factors of 62291579.
7, 79, 112643
List the prime factors of 501936966.
2, 3, 241, 38569
List the prime factors of 474804766.
2, 237402383
List the prime factors of 33872217.
3, 83, 136033
List the prime factors of 78340090.
2, 5, 1087, 7207
What are the prime factors of 72597182?
2, 7, 37, 269, 521
What are the prime factors of 889403857?
31, 41, 699767
List the prime factors of 158979790.
2, 5, 701, 22679
What are the prime factors of 453615625?
5, 379, 383
What are the prime factors of 137876325?
3, 5, 1123, 1637
List the prime factors of 1160813974.
2, 580406987
What are the prime factors of 174843647?
11, 137, 181, 641
List the prime factors of 31738752.
2, 3, 27551
List the prime factors of 54055773.
3, 23, 43, 6073
List the prime factors of 348879860.
2, 5, 7, 29, 85931
What are the prime factors of 107931333?
3, 43, 836677
List the prime factors of 3807755997.
3, 79, 223, 72047
List the prime factors of 15601431.
3, 5200477
List the prime factors of 149166183.
3, 43, 1156327
List the prime factors of 102352317.
3, 223, 152993
What are the prime factors of 187128053?
7, 61, 101, 4339
List the prime factors of 352176165.
3, 5, 11, 17, 41851
List the prime factors of 84034001.
84034001
List the prime factors of 170960056.
2, 47, 227, 2003
List the prime factors of 141801726.
2, 3, 11, 17, 47, 2689
What are the prime factors of 167308571?
43, 383, 10159
What are the prime factors of 3914491977?
3, 11, 4973, 7951
What are the prime factors of 556291613?
8017, 69389
What are the prime factors of 1061569626?
2, 3, 13, 1949, 6983
List the prime factors of 36784397.
13, 2829569
List the prime factors of 66521412.
2, 3, 31, 37, 179
List the prime factors of 19388153.
29, 271, 2467
List the prime factors of 8198507830.
2, 5, 819850783
List the prime factors of 1046516861.
13, 353, 228049
What are the prime factors of 349231241?
23, 15183967
List the prime factors of 13872075.
3, 5, 7, 26423
List the prime factors of 73914872.
2, 9239359
What are the prime factors of 100877296?
2, 13, 484987
What are the prime factors of 2100268439?
107, 19628677
List the prime factors of 194948309.
194948309
List the prime factors of 8836420572.
2, 3, 7, 3896129
What are the prime factors of 609105305?
5, 211, 577351
What are the prime factors of 15871601?
43, 157, 2351
What are the prime factors of 3504696436?
2, 191, 659, 6961
What are the prime factors of 36322685?
5, 7, 1037791
List the prime factors of 306141582.
2, 3, 51023597
What are the prime factors of 718589152?
2, 599, 37489
List the prime factors of 2941060730.
2, 5, 19, 2719, 5693
What are the prime factors of 300630429?
3, 11, 59, 4679
What are the prime factors of 52129608?
2, 3, 2172067
List the prime factors of 47996471.
43, 251, 4447
List the prime factors of 1062363498.
2, 3, 7, 25294369
List the prime factors of 33864432.
2, 3, 7, 100787
List the prime factors of 22005034.
2, 11002517
List the prime factors of 104845341.
3, 17, 107, 19213
What are the prime factors of 179778129?
3, 59926043
What are the prime factors of 24011004?
2, 3, 17, 117701
What are the prime factors of 6157759760?
2, 5, 4621, 16657
What are the prime factors of 1726929828?
2, 3, 13, 233, 5279
List the prime factors of 186702231.
3, 62234077
What are the prime factors of 27637459?
3119, 8861
What are the prime factors of 288393764?
2, 71, 1015471
List the prime factors of 63982066.
2, 2689, 11897
What are the prime factors of 26888081?
11, 23, 106277
List the prime factors of 76992305.
5, 13, 53, 22349
What are the prime factors of 17483197?
23, 521, 1459
L